t of 1177?
1
What is the thousands digit of 40694?
0
What is the hundreds digit of 679?
6
What is the tens digit of 233?
3
What is the thousands digit of 100591?
0
What is the tens digit of 99372?
7
What is the hundreds digit of 20299?
2
What is the units digit of 157?
7
What is the thousands digit of 87604?
7
What is the units digit of 7420?
0
What is the thousands digit of 4431?
4
What is the hundreds digit of 11979?
9
What is the hundreds digit of 36709?
7
What is the units digit of 110721?
1
What is the tens digit of 60108?
0
What is the units digit of 1276?
6
What is the units digit of 9713?
3
What is the hundreds digit of 134?
1
What is the ten thousands digit of 92119?
9
What is the hundreds digit of 7421?
4
What is the tens digit of 1163?
6
What is the units digit of 27955?
5
What is the hundreds digit of 2697?
6
What is the tens digit of 1855?
5
What is the tens digit of 13153?
5
What is the tens digit of 9792?
9
What is the tens digit of 680?
8
What is the hundreds digit of 27120?
1
What is the units digit of 36629?
9
What is the hundreds digit of 1270?
2
What is the units digit of 555?
5
What is the tens digit of 6066?
6
What is the units digit of 1953?
3
What is the tens digit of 5122?
2
What is the hundreds digit of 816?
8
What is the units digit of 2504?
4
What is the units digit of 446?
6
What is the tens digit of 3472?
7
What is the units digit of 273?
3
What is the ten thousands digit of 16395?
1
What is the hundreds digit of 2781?
7
What is the tens digit of 1342?
4
What is the hundreds digit of 506?
5
What is the hundred thousands digit of 152670?
1
What is the units digit of 3866?
6
What is the units digit of 28346?
6
What is the thousands digit of 1851?
1
What is the ten thousands digit of 45482?
4
What is the hundreds digit of 9029?
0
What is the thousands digit of 17898?
7
What is the units digit of 1566?
6
What is the thousands digit of 2403?
2
What is the units digit of 26713?
3
What is the hundreds digit of 2413?
4
What is the hundreds digit of 734?
7
What is the hundreds digit of 36181?
1
What is the tens digit of 425?
2
What is the hundreds digit of 2169?
1
What is the units digit of 539?
9
What is the hundreds digit of 82369?
3
What is the tens digit of 579?
7
What is the hundreds digit of 11996?
9
What is the hundreds digit of 50855?
8
What is the hundreds digit of 365?
3
What is the tens digit of 291?
9
What is the hundreds digit of 13944?
9
What is the thousands digit of 38175?
8
What is the hundreds digit of 103937?
9
What is the tens digit of 18957?
5
What is the hundreds digit of 29749?
7
What is the ten thousands digit of 10608?
1
What is the thousands digit of 3729?
3
What is the thousands digit of 19718?
9
What is the ten thousands digit of 14294?
1
What is the hundreds digit of 4405?
4
What is the tens digit of 38183?
8
What is the units digit of 22502?
2
What is the tens digit of 130490?
9
What is the hundreds digit of 9730?
7
What is the hundreds digit of 1329?
3
What is the thousands digit of 3630?
3
What is the units digit of 2497?
7
What is the thousands digit of 33957?
3
What is the units digit of 152713?
3
What is the hundreds digit of 496?
4
What is the units digit of 8950?
0
What is the hundreds digit of 15844?
8
What is the tens digit of 880?
8
What is the tens digit of 652?
5
What is the hundreds digit of 11187?
1
What is the thousands digit of 2206?
2
What is the hundreds digit of 1295?
2
What is the units digit of 2122?
2
What is the thousands digit of 4871?
4
What is the thousands digit of 3124?
3
What is the ten thousands digit of 20150?
2
What is the tens digit of 47290?
9
What is the tens digit of 4832?
3
What is the hundreds digit of 115?
1
What is the hundreds digit of 20628?
6
What is the units digit of 24663?
3
What is the tens digit of 76539?
3
What is the units digit of 100550?
0
What is the ten thousands digit of 63261?
6
What is the tens digit of 70207?
0
What is the tens digit of 34679?
7
What is the units digit of 2486?
6
What is the hundreds digit of 245?
2
What is the tens digit of 400?
0
What is the units digit of 85445?
5
What is the tens digit of 94573?
7
What is the units digit of 115889?
9
What is the tens digit of 977?
7
What is the thousands digit of 11811?
1
What is the thousands digit of 64643?
4
What is the hundreds digit of 1523?
5
What is the thousands digit of 4975?
4
What is the units digit of 48702?
2
What is the thousands digit of 14084?
4
What is the hundreds digit of 8625?
6
What is the units digit of 595?
5
What is the tens digit of 1041?
4
What is the hundreds digit of 174?
1
What is the units digit of 7277?
7
What is the tens digit of 41207?
0
What is the tens digit of 4241?
4
What is the thousands digit of 12965?
2
What is the hundreds digit of 1297?
2
What is the units digit of 25711?
1
What is the thousands digit of 9784?
9
What is the tens digit of 7631?
3
What is the hundreds digit of 503?
5
What is the tens digit of 841?
4
What is the tens digit of 2688?
8
What is the thousands digit of 4509?
4
What is the hundreds digit of 173?
1
What is the thousands digit of 15736?
5
What is the hundreds digit of 928?
9
What is the tens digit of 2177?
7
What is the units digit of 2860?
0
What is the thousands digit of 1190?
1
What is the hundreds digit of 66951?
9
What is the ten thousands digit of 21001?
2
What is the hundreds digit of 1267?
2
What is the tens digit of 7306?
0
What is the hundreds digit of 9767?
7
What is the units digit of 4447?
7
What is the tens digit of 5530?
3
What is the hundreds digit of 2006?
0
What is the tens digit of 43713?
1
What is the thousands digit of 1275?
1
What is the hundreds digit of 2911?
9
What is the tens digit of 92168?
6
What is the tens digit of 1699?
9
What is the tens digit of 2487?
8
What is the thousands digit of 5607?
5
What is the units digit of 664?
4
What is the hundreds digit of 833?
8
What is the units digit of 337?
7
What is the hundred thousands digit of 192206?
1
What is the units digit of 4755?
5
What is the tens digit of 95355?
5
What is the hundreds digit of 297?
2
What is the units digit of 41200?
0
What is the hundreds digit of 6694?
6
What is the units digit of 53499?
9
What is the units digit of 5735?
5
What is the units digit of 6273?
3
What is the tens digit of 3614?
1
What is the units digit of 2815?
5
What is the thousands digit of 8826?
8
What is the hundreds digit of 284?
2
What is the hundreds digit of 6014?
0
What is the units digit of 4468?
8
What is the tens digit of 108504?
0
What is the tens digit of 18167?
6
What is the hundreds digit of 2254?
2
What is the tens digit of 19867?
6
What is the units digit of 2825?
5
What is the units digit of 647?
7
What is the thousands digit of 38605?
8
What is the thousands digit of 2239?
2
What is the tens digit of 730?
3
What is the tens digit of 20683?
8
What is the hundreds digit of 481?
4
What is the hundreds digit of 2505?
5
What is the tens digit of 8250?
5
What is the ten thousands digit of 10366?
1
What is the hundreds digit of 21734?
7
What is the thousands digit of 1652?
1
What is the units digit of 2250?
0
What is the tens digit of 2816?
1
What is the tens digit of 1198?
9
What is the hundreds digit of 1627?
6
What is the hundreds digit of 18001?
0
What is the thousands digit of 2057?
2
What is the thousands digit of 51721?
1
What is the hundreds digit of 13119?
1
What is the hundreds digit of 72208?
2
What is the units digit of 379?
9
What is the thousands digit of 16482?
6
What is the thousands digit of 45416?
5
What is the thousands digit of 2019?
2
What is the thousands digit of 5756?
5
What is the units digit of 4675?
5
What is the tens digit of 29162?
6
What is the thousands digit of 32897?
2
What is the thousands digit of 8867?
8
What is the tens digit of 52633?
3
What is the thousands digit of 2249?
2
What is the tens digit of 13550?
5
What is the tens digit of 68?
6
What is the units digit of 61950?
0
What is the ten thousands digit of 10570?
1
What is the hundreds digit of 27023?
0
What is the hundreds digit of 29435?
4
What is the tens digit of 1328?
2
What is the tens digit of 856?
5
What is the thousands digit of 25181?
5
What is the units digit of 63336?
6
What is the ten thousands digit of 16282?
1
What is the hundreds di